*r + 4255 = 1345*r. Let s(o) = -2*o + 5. Let c(d) = -d - 1. Let w(g) = -4*c(g) + s(g). Let f be w(7). What is the highest common divisor of f and r?
23
Suppose -4*c = -5*c - 38. Let b = c - -46. Suppose 0 = -3*u - 3*g + 120, 0 = 3*g - b - 1. What is the highest common divisor of 74 and u?
37
Suppose 5*v + 15 = 0, -5*c = 29*v - 24*v - 5595. Calculate the greatest common divisor of c and 33.
33
Suppose -605 = 5*a + 5*c, a + 81 + 52 = 3*c. Let k = 149 + a. Suppose 142 = 3*o + k. What is the greatest common factor of 26 and o?
13
Suppose -21*m + 18*m = 5*g - 25132, 10051 = 2*g + 3*m. Calculate the highest common factor of 11 and g.
11
Let u(x) = 14*x + 252. Let g be u(-14). Suppose m = -2*d - 2*d + 1173, 3*m - 873 = -3*d. Suppose -d = -v - 6*v. What is the greatest common divisor of g and v?
14
Let h(o) be the first derivative of -2*o**4 + 4*o**3/3 - o**2 - o + 3. Let r be h(-4). Let x = -6728 + 6781. Calculate the greatest common divisor of r and x.
53
Suppose -5*i + 4*u = -20, 2*u = 4*i - 2*u - 12. Let c be (i/(-3))/(-8)*(-2205)/(-3). Calculate the highest common factor of 70 and c.
35
Let l(y) = -5*y**3 - y**2 - y + 1. Let b be l(1). Let f be ((-72)/(-10))/(b/(-100)). Let t = -4391 - -4415. Calculate the highest common factor of f and t.
24
Let d = 329 + -75. Let s be 42/28 - d/(-4). Suppose -104 = 39*f - 47*f. What is the highest common divisor of f and s?
13
Let v(o) = 3*o**2 + 49*o + 17. Let s be v(13). What is the highest common divisor of 903 and s?
129
Suppose 11*y = 17*y - 942. Let r = y - 141. Calculate the greatest common divisor of 12 and r.
4
Suppose 2*r - 87 = -3*t, -3*t = 2*r - 6*t - 57. What is the highest common factor of r and 6480?
36
Suppose 108*h - 55742 = 143470 - 22200. Calculate the highest common divisor of h and 298.
149
Let j be (8/(-10))/(6/(-165)). Let s = -12 + j. Suppose -2*m - 5*v = 13, -5*v + 7*v + 6 = 0. Calculate the greatest common factor of s and m.
1
Let o(s) = s**3 + 30*s**2 + 54*s - 56. Let d be o(-28). Suppose -46 = -a + z + 68, -z - 4 = d. What is the greatest common divisor of a and 20?
10
Let h be ((-3)/(-2))/(75/250). Let d(m) = m**3 + 9*m**2 + m + 13. Let z be d(-9). What is the highest common divisor of z and h?
1
Let u be 24/(-15)*(-2)/((-8)/(-10)). Suppose 13 = d + 5*x, 3*d - 36 = -2*d + u*x. Suppose -120 = -d*b + 152. What is the greatest common divisor of 238 and b?
34
Let w be (50/(-4))/(8 - 119/14). Suppose -4*i - 1 + w = 0. Calculate the greatest common divisor of i and 96.
6
Let y = 11097 - 7327. What is the greatest common factor of y and 260?
130
Suppose 0 = 163*o + 7*o - 23970. Calculate the highest common divisor of o and 7943.
47
Let v be (-30)/(-1) - (-8)/(-1 - 1). Let b(t) = t**3 + 18*t**2 - 39*t + 137. Let g be b(-20). Calculate the greatest common divisor of g and v.
13
Suppose -24*m = -66*m + 21336. Let z = m + -483. Calculate the greatest common divisor of z and 2.
1
Suppose -4*k + 2*x - 12 = -26, -5 = 5*k + 5*x. Suppose 4*j + 26 = b + j, -b + 30 = -k*j. Calculate the greatest common divisor of b and 475.
19
Suppose 0 = 28*s + 2153 - 13017. What is the highest common factor of 2037 and s?
97
Let j be 4/(-4) + 7 + 51. Calculate the greatest common factor of j and 152.
19
Suppose -h = u - 59, -3*u + 24*h = 21*h - 153. What is the greatest common factor of u and 9295?
55
Suppose -86*j + 106*j = 5500. Calculate the highest common divisor of j and 3125.
25
Suppose -y + 30 = 2*y. Suppose 467 = 4*g + 4*o - 161, -3*g + 486 = -2*o. What is the highest common factor of g and y?
10
Suppose -2*x + 51 = 5*p, -2*p + 5*p - 27 = -3*x. Suppose -8 = -p*r + 47. Calculate the greatest common divisor of 115 and r.
5
Let y = 24 + -68. Let w = y + 58. Let r be (-2)/(-7) + (-3492)/(-126). Calculate the greatest common divisor of w and r.
14
Let y(f) be the first derivative of -f**4/4 - 20*f**3/3 - 3*f**2/2 + 5*f - 48. Let d be y(-20). Calculate the greatest common factor of d and 26.
13
Suppose 8*a - 1260 = -a. Let m = a - 129. Suppose 0 = 3*p - 30 - 3. What is the highest common divisor of m and p?
11
Let b(p) = -p**3 - p**2 - 22*p - 5. Let z be b(-5). Calculate the greatest common factor of 82 and z.
41
Suppose -4470*o + 9180 = -4425*o. Calculate the greatest common factor of o and 5678.
34
Suppose -3*f - 24 = 3*p, 0*f + p = -3*f - 14. Suppose 0*d + 7 = -d - h, 0 = -5*d + 5*h - 85. Let l = f - d. Calculate the greatest common factor of 6 and l.
3
Suppose 9*w + 2*w + 42*w - 228271 = 0. Calculate the greatest common divisor of w and 177.
59
Suppose -l = h - 765, 0 = -0*h + 4*h + 2*l - 3066. Calculate the highest common divisor of 120 and h.
24
Suppose 0 = -b - 5*d + 45, -13*b + 203 = -8*b + 3*d. Calculate the greatest common divisor of b and 28.
4
Let o(f) = f + 14. Let y be 1236/27 + 48/(-27) + 2. Let w = 49 - y. Let x be o(w). What is the highest common factor of x and 187?
17
Suppose 0*n - n + 30 = 0. Let y = -100 + 121. Suppose 901 = y*a - 359. Calculate the highest common divisor of a and n.
30
Suppose 17*b - 18 = 11*b. Suppose b*r - 74 = -5*u + 130, 30 = u - 3*r. What is the greatest common divisor of 26 and u?
13
Let r = 13304 - 12079. Calculate the greatest common factor of 125 and r.
25
Let a be 9 - (2 - (-1)/(-1)). Suppose -6*m + 1207 = -m + 3*i, 0 = m + 4*i - 204. What is the greatest common divisor of m and a?
8
Let t = -109 - -113. Suppose -t*j = -5*i - 125, -4*i = -0*j + 5*j - 146. Calculate the greatest common divisor of 100 and j.
10
Let z = 5022 + -4926. What is the highest common factor of 108 and z?
12
Let u = -3939 + 4326. What is the highest common factor of 72 and u?
9
Let k(z) = z**2 + 5 + 7 - 12 - 16*z + 1. Let j be k(16). What is the highest common factor of j and 13?
1
Let g = 11 + -6. Let w(k) be the first derivative of 2*k**3/3 + 6*k - 1563. Let f be w(g). What is the greatest common factor of f and 112?
56
Suppose -2*d = 216*t - 221*t - 62, -5*d - 2*t = -126. Calculate the greatest common divisor of d and 2158.
26
Let n be 0 + -1 + 5 + -1. Let l = 1232 - 1208. Let z be (12/l)/((-2)/(-48)). What is the highest common divisor of z and n?
3
Let k = 110 + -70. Let b(h) = -4*h - 262. Let t be b(-68). What is the greatest common factor of k and t?
10
Suppose -2*a = -5*s - 5*a + 313, -2*s = -5*a - 150. Suppose -3*f - 2934 = -5*v, 3*f + 1008 - 3924 = -5*v. Calculate the highest common divisor of v and s.
65
Let r = 287 - 307. Let i(s) = s**3 + 18*s**2 - 44*s - 32. Let f be i(r). What is the highest common factor of 408 and f?
24
Let r(h) = 4*h - 15. Let o be r(5). Suppose 4*q = 16, 0 = 3*s + 5*q - 1 + o. Let u be s/(-52) + 193/13. Calculate the highest common factor of 10 and u.
5
Let v = 9248 - 8936. Calculate the greatest common divisor of v and 120.
24
Let s = -357 - -406. Let y be 153*-7*(-7)/s. Calculate the highest common divisor of y and 9.
9
Suppose -444*u = -465*u + 126. What is the greatest common factor of u and 15546?
6
Let g(z) = 5989*z + 1. Let q be g(0). Let i = -1 + -7. Let l = -5 - i. Calculate the highest common divisor of q and l.
1
Let j be 30/50 - (-172)/5. Let s(r) = -4*r**2 + 227*r + 388. Let g be s(58). Calculate the highest common divisor of g and j.
7
Let n be (0*(-1)/(-5) - (-187)/34)*2. What is the greatest common divisor of n and 7711?
11
Let q = -35 + 68. Let x be 9*(-2 - -1)*11/q. Let h be -2 - 11*(x - -1). What is the highest common factor of 5 and h?
5
Suppose 21*s - 1186 = -0*s + 3518. Calculate the highest common divisor of s and 3556.
28
Let z = 421 + -415. Calculate the greatest common factor of 2886 and z.
6
Suppose 60*w + 29*w - 7875672 = -58*w. Calculate the greatest common factor of w and 296.
296
Let j(a) = a**2 + 11. Suppose 3*q - 16 = 5*r, -4*q - 7 = 4*r + 25. Let y be j(r). Let z = -80 - -83. What is the greatest common factor of z and y?
3
Let m(g) = -g**2 + 10*g - 8. Let q be m(9). Let r = 244 + -145. Let z = 101 - r. What is the highest common factor of z and q?
1
Suppose -6*u = 1282 - 5272. Calculate the greatest common factor of 105 and u.
35
Suppose 3*k - 4*d - 2578 = 0, -2*d + 6083 = 8*k - 893. Calculate the highest common factor of 195 and k.
15
Let q(g) = -12*g + 12. Let s be q(-5). Let c = -944 - -952. Calculate the greatest common factor of c and s.
8
Suppose -50*f - 6831 = -77*f. What is the highest common divisor of f and 